uppose -s + 137 = 5*w - 236, 0 = -3*s + 5*w + 1099. What is the greatest common divisor of u and s?
23
Suppose -k + m + 20188 = 0, -11*k + 7*k + 80746 = 2*m. Calculate the highest common factor of 9 and k.
9
Suppose 19*f = -58*f - 81081. Let r = 1138 + f. Let c = -41 + 75. What is the greatest common factor of c and r?
17
Suppose -6*b + 555 = -213. Calculate the greatest common divisor of b and 18.
2
Let q be ((-12)/3)/(1225/1275 - 1). Calculate the highest common divisor of 3213 and q.
51
Suppose w + 46*o - 54 = 41*o, -2*w = o - 72. Suppose -n + w = 4*f, 4*n + 4*f + 56 = 6*n. Calculate the highest common factor of n and 45.
15
Let k be ((-352)/36 + 10)/((119/945)/17). Let h be 326/(2/1) + 2. Calculate the highest common factor of h and k.
15
Let t be (-5)/((-75)/396) + (-15)/(-25). Let h be (-4 - 63/(-2)) + 12/8. Suppose 25 = 6*n - h. Calculate the greatest common factor of t and n.
9
Let w = -27492 - -27702. Calculate the highest common divisor of w and 2030.
70
Let l(a) = -a - 13. Let y be l(-15). Let z(o) = 14*o + 8. Let b be z(y). Calculate the highest common factor of 9 and b.
9
Let i be (-16)/216*3 + 362/9. Let d = 7 - -2. Let r be (i/36)/(-5) - (-74)/d. Calculate the highest common divisor of r and 8.
8
Suppose -11*h - 11403 = 10*h. Let x = 551 + h. Let z be (-4 - -2)/((-2)/48). Calculate the greatest common factor of x and z.
8
Let q(w) = -118*w - 150. Let f be q(2). Let k = f + 433. What is the highest common divisor of 1269 and k?
47
Let c(w) = -170*w + 118. Let i be c(-1). What is the greatest common factor of i and 4464?
144
Let i be (24/9)/((-2)/(-3)). Suppose 5*s + 391 = i*f, -4*s = -4*f + 276 + 120. What is the highest common factor of 8 and f?
8
Let h(v) be the second derivative of v**4/4 + v**3/3 + 70*v**2 + v + 11. Let o be h(0). What is the highest common divisor of 40 and o?
20
Suppose -4*f - 1414 = -6*f. Let j = -103851 + 104053. Calculate the greatest common factor of f and j.
101
Let l(c) = -c**3 + 67*c**2 - 54*c - 657. Let p be l(66). What is the highest common divisor of 27 and p?
27
Let f(g) = -71*g - 92*g + 203 + 176*g. Let s be f(3). What is the greatest common divisor of 44 and s?
22
Suppose -2*i = j - 13, 4*i + j - 87 = -60. What is the highest common divisor of 3269 and i?
7
Suppose -8*w - 504 = -12*w - 4*w. Let s be (-64 - -1)/(3 + -4). Calculate the greatest common factor of s and w.
63
Suppose 6*h + 12 = 8*h. Suppose -f = -5*k + 1072, -11*f = -h*f - 15. What is the highest common factor of 129 and k?
43
Suppose 16*g - 1 - 383 = 0. What is the greatest common divisor of 168 and g?
24
Let o(p) be the second derivative of -8*p**3/3 - 17*p**2/2 + 11*p. Let h be o(-6). Suppose -h*s = -74*s - 35. Calculate the greatest common factor of s and 14.
7
Suppose -4*y + 400 = 88. Suppose -20*h - 13 + 493 = 0. What is the highest common factor of y and h?
6
Suppose -4*c + 172 - 80 = 0. Let v(x) = -1322*x**2 + 1323*x**2 + 8 - c. Let p be v(-6). What is the highest common divisor of 14 and p?
7
Let d = -20318 - -20458. Calculate the greatest common divisor of d and 3108.
28
Suppose 3*k + 4*k = 28. Suppose 1021 = k*z + 309. Suppose -3*f + 5*f - z = 2*l, -85 = -f + 3*l. What is the highest common factor of f and 13?
13
Let j be (-4154)/(-18) - (-4)/18. Let m(l) = l**3 + 105*l**2 + 187*l - 1915. Let r be m(-103). What is the highest common factor of j and r?
21
Let i be 93/7 - (-2)/(-7). Let f(u) = 2*u - 1. Let c(y) = 25*y - 8. Let p(g) = 4*c(g) - 44*f(g). Let k be p(i). What is the highest common factor of 24 and k?
24
Suppose 66*h - 181*h = 166*h - 3653. Calculate the greatest common divisor of h and 54080.
13
Suppose -21 - 3 = -4*x. Let j be -4 - (98/(-35))/((-3)/(-15)). Suppose j*q = x*q + 132. What is the greatest common factor of q and 88?
11
Suppose -267*o = -257*o - 20. Calculate the greatest common divisor of 1826 and o.
2
Let c = 2 - -5. Let d be ((-4)/(-8) + 1)*(-128)/(-12). Suppose d*v - 84 - 28 = 0. What is the greatest common divisor of v and c?
7
Let m(a) = 7*a - 7. Let o be m(17). Suppose 7*k = 8*k - o. Let s = k - 87. What is the highest common divisor of s and 5?
5
Let v(a) = 92*a + 3392. Let h be v(-16). Calculate the greatest common divisor of h and 624.
48
Suppose 21 = 2*j - 4*g - 3, -3*g = 0. Suppose 0 = j*o - o - 88. Calculate the greatest common factor of 4 and o.
4
Suppose -7186 - 2798 = -26*c. What is the highest common divisor of 156 and c?
12
Let x be -7 + -1*(-21)/6*8. Calculate the highest common divisor of 14 and x.
7
Let s be 8/(-12)*-59 - 1/3. Suppose 2*n + f = 5*n - s, 0 = -3*f. What is the greatest common factor of 221 and n?
13
Let f = 3208 + -3195. Calculate the greatest common divisor of f and 8216.
13
Let s(z) = z**3 - z**2 - 66*z + 66. Let a be s(0). What is the greatest common divisor of 9174 and a?
66
Let m be 107 - (-16 + 11)/5. Calculate the highest common factor of m and 1044.
36
Let k(b) = 6*b + 127. Let y be k(-13). Let a be -1 + (-3 - -1 - 0). Let s be 1/(a + 43/14). What is the greatest common factor of s and y?
7
Let x(r) = -r**3 - 3*r - 3. Let j be x(3). Let d = -6 - j. Let h(b) = 32*b + 1026. Let o be h(-30). What is the greatest common factor of o and d?
33
Let k be 1632/18 - (-1)/(9/(-6)). Let h = 162 - k. Suppose -3*n + 7*n = h. What is the greatest common divisor of n and 18?
18
Let g = -167 + 72. Let c = 1796 + -1951. Let d = g - c. What is the highest common divisor of 24 and d?
12
Suppose 2*m - 1007 = -847. What is the greatest common factor of 104 and m?
8
Let l be 152/(-1824) + 11017/12. Calculate the highest common factor of 170 and l.
34
Let j = -3138 + 3669. What is the greatest common divisor of j and 1416?
177
Let s be 2/4*2 - (15 - 229). Let n = -30 - -73. Calculate the highest common factor of s and n.
43
Let t be (7 + -3)*6/4. Let a be 94 - ((0 - 2) + t). What is the highest common factor of a and 60?
30
Suppose -l = 10*l - 22. Let x(f) = 395*f**2 + 2*f**3 - 396*f**2 - 3*f**3 + 3*f - 1. Let w be x(-3). Calculate the highest common divisor of l and w.
2
Let f = -9 + 49. Suppose 0 = 5*k - 11*o + 16*o + 2120, -o = -k - 432. Let i = 444 + k. What is the greatest common factor of i and f?
8
Suppose -v - 702 = -706. Let z = 48 + -28. What is the greatest common divisor of z and v?
4
Let g = -13 - -13. Let h be -13 - (2/9 + 99/(-81)). Let z be 0 + g - (h - -8). What is the greatest common divisor of 52 and z?
4
Suppose 6*s = 5 + 13. Suppose y - 27 = -s. Let t = -33 + 39. What is the greatest common factor of t and y?
6
Suppose 0 = -200*m + 210*m - 24150. Calculate the greatest common divisor of m and 105.
105
Let a be (-355)/(-21) + 8/84. Suppose 779 = 4*o + 39. Let d = 304 - o. Calculate the highest common factor of a and d.
17
Suppose 230 = -52*c + 53*c. What is the greatest common factor of 1702 and c?
46
Let l = 209 - 208. Let u be 1 - (1 - l) - 2813/(-29). Calculate the greatest common factor of u and 14.
14
Let h(a) = 39*a**2 - 12*a + 3. Let g be h(-8). Calculate the highest common divisor of 15 and g.
15
Let a be (-13018)/(-253) + 6/11. Let u = -12 + 51. What is the greatest common factor of a and u?
13
Suppose -103*k + 71151 = -98799. What is the greatest common factor of 132 and k?
66
Suppose -8*y + 15*y = -357. Let j be (y/9)/(-6 + (-1075)/(-180)). Calculate the greatest common factor of j and 8.
4
Let x be 624/(0 + 2)*(-4)/8. Let k = -115 - x. Let n be (k - 18)*5/1. Calculate the greatest common divisor of 46 and n.
23
Let l be ((-5)/10)/((-3)/24*1). Suppose l*v = -0*v + 320. What is the greatest common factor of 30 and v?
10
Suppose -n - 62 = -4*m + n, 5*n - 70 = -5*m. What is the greatest common divisor of m and 10785?
15
Suppose 0 = -4*z + 20, -63*z = j - 68*z - 60. Suppose x - 4*a - 55 = 0, 2*x = 6*x - 5*a - 209. What is the greatest common factor of j and x?
17
Let l be 4 + -12 + 5 + (-444)/(-3). Suppose -19*h + 14*h + 435 = 0. What is the greatest common divisor of l and h?
29
Let b = 2342 + -2264. What is the highest common factor of b and 3159?
39
Let a = 355 + -199. Suppose 0 = 19*p - 25*p + a. Calculate the highest common factor of p and 143.
13
Suppose 46*m - 48*m = -4*n - 164, -2*m = -3*n - 162. Calculate the highest common factor of m and 786.
6
Suppose -8*i = -294 - 234. Let m = 39 + -28. Calculate the greatest common divisor of i and m.
